*s - 17*s + p = 0. Determine j(s).
-6
Let y(j) = 3 + 5*j**3 - 6*j - 5 - 3*j**3 + 7*j**2. Suppose -2*g + 91 - 99 = 0. Let o be y(g). Let r(k) = k**2 - 9*k + 8. What is r(o)?
-10
Suppose -238*l + 18*l = 440. Let x(a) be the second derivative of -a**5/20 + a**4/12 + a**3/6 - a**2/2 + a. Give x(l).
9
Suppose 3*n = -2*n + 10. Let w(h) = -123 - h**n + 61 - 9*h + 64. Determine w(-8).
10
Let v(m) be the first derivative of -m**4/4 - 13*m**3/3 - 7*m**2 - 25*m - 2298. Calculate v(-12).
-1
Let u(s) be the second derivative of -s**5/20 - s**4/4 - s**3/2 - 3*s**2/2 - 24*s. Suppose -4*n + 2*n - 138 = 0. Let r = n - -66. Determine u(r).
6
Let v(f) = 43*f**3 - 14*f**2 - 31*f - 2. Let m(t) = -122*t**3 + 41*t**2 + 91*t + 5. Let d(p) = -6*m(p) - 17*v(p). Calculate d(10).
14
Let o(n) = 15*n**2 - 22*n**2 - 7 + 16*n**2 + 23 - 17. Let b(s) be the second derivative of -s**3/6 + 5*s**2/2 - 2*s. Let t be b(6). What is o(t)?
8
Let i(x) = -1143 + 1632 - 920 + 62*x. Calculate i(7).
3
Let z(v) = -654*v + 4 + 221*v + 216*v + 216*v. Determine z(8).
-4
Let s = 925 - 929. Suppose -2*q + 50 = -6. Let v(j) = j**3 + 3 + 2 - 3*j - q*j**2 + 31*j**2. Calculate v(s).
1
Let f(j) be the first derivative of j**4/4 + j**3/3 - j**2/2 - 4*j + 1. Let q(w) = 2 - 34*w - 35 + 8 - 9. Let z be q(-1). Calculate f(z).
-4
Let j(z) = -13*z + 90. Let v(d) = 2*d**3 - 8*d**2 + 9*d - 2. Let g be v(3). Determine j(g).
-1
Let a be -6*105/(-90)*(-1)/1. Let r(k) = 6*k + 3. Determine r(a).
-39
Let w(a) = -a**3 - 10*a**2 + 2*a - 3. Suppose -2*d = 3*k - 8*d + 30, 0 = -0*d + 3*d. Calculate w(k).
-23
Let p(b) = -2*b - 5. Let r(s) = 4*s + 11. Let a(d) = 13*p(d) + 6*r(d). Suppose 5*y - 6*y + 39 = 0. Suppose 21 = 46*q - y*q. Give a(q).
-5
Let y(p) = -17*p - 230 + 41*p - 4*p + 12*p + 25*p. Calculate y(4).
-2
Let z(m) be the first derivative of 3*m**2/2 - m + 91. Suppose -4*w + 2*p + p = -15, 0 = -w + p + 4. Suppose 0*k - w = -k. What is z(k)?
8
Suppose 193*x + 54 = 214*x + 369. Let m(d) = d**3 + 16*d**2 + 12*d + 6. Give m(x).
51
Let c(d) = 4637 + 7*d - 4699 - 5*d**2 - 30*d. What is c(-3)?
-38
Let x be 33*(2/(-24) - 1/4). Let d(r) = r**2 + 10*r - 9. Let p be d(x). Let m(f) = -6*f**p - 1 + 6*f**2 + 15*f**3 - 10*f**3. Give m(1).
4
Let v(t) = -5*t + 114. Let d(h) = -10*h + 153. Let j(z) = 2*d(z) - 3*v(z). Calculate j(14).
-106
Suppose 0 = -64*h + 87*h - 46. Let r(g) = 17*g**2 - 90 + 88 + 6*g + 13*g**h - 31*g**2. Determine r(6).
-2
Let y be (6*-3)/((-1)/(-1 + 2)). Suppose -14*a = -y*a - 28. Let g(f) = -f**3 - 7*f**2 + 3*f + 2. Calculate g(a).
-19
Let s be (-51)/(-5 + 1 + -1 + 614/307). Let z(d) = 2*d + 9. Give z(s).
43
Let a(n) = -7*n**2 + 4*n + 13. Let s(h) = h**2 - 13*h + 51. Let d be s(6). Let p(j) = 16*j**2 - 7*j - 27. Let w(u) = d*a(u) + 4*p(u). Calculate w(-7).
2
Let s(j) = -2*j**3 - 2*j + 2*j**3 - j**3 - 4*j**2 + 2. Let h = -3941 + 3939. Let i be s(h). Let z(k) = -k**2 - k + 2. Determine z(i).
0
Let s be (0*(-3)/(-6))/3 + -84. Let d = s - -87. Let i(m) = -1 + 7 - 2 - 1 - d*m. Determine i(3).
-6
Let c(m) be the second derivative of m**5/20 + 3*m**4/2 - 17*m**3/6 - 15*m**2/2 + 6550*m. Determine c(-19).
-53
Let r be 140/595 - 212/34. Let b(n) = 2 + n - n**2 - 6*n + 2*n. Give b(r).
-16
Let z(b) = b**3 + 7*b**2 - 4. Let t = -208 - 117. Let x = t - -318. Calculate z(x).
-4
Let g(k) = 5*k**2 - 18*k - 21. Let j(z) = -6*z**2 + 22*z + 20. Let l(v) = 3*g(v) + 2*j(v). What is l(-2)?
9
Let l(d) = 39 - 3 - 14*d + 28 + 8. Determine l(6).
-12
Let n(f) = -10473*f**2 + f + 10475*f**2 + 3 - 2 - 2. Let x(i) = -13 + 3 - i**2 + 0 + 8*i. Let t be x(7). What is n(t)?
14
Let l(x) be the second derivative of -x**6/20 + x**4/12 - x**3/6 + 30*x**2 + 78*x. Let r(p) be the first derivative of l(p). Give r(1).
-5
Suppose 3*k - 14*k + 33 = 0. Suppose -4*w + 2*w + k*f = -3, 0 = 3*w + 4*f - 30. Let p(r) = -3*r**3 + 2*r - w + r**2 - 9*r**3 + 3*r**2 + 11*r**3. Calculate p(4).
2
Let w(r) = 2*r**3 - 4*r**2 + 3*r - 1. Let t be (2/2)/(1/5) - -6. Suppose 5*n - 6*p + t*p = -5, 1 = 2*n + p. Determine w(n).
5
Suppose 2*m + 13 = 3*u, 2*u - 4*m = 8 + 14. Let h(d) = -u - 2 - 2*d - 3 + 1. Give h(6).
-17
Let o be ((-114)/285)/(3 + -1)*0. Let r(v) = v**2 - 3*v + 55. Calculate r(o).
55
Let u(t) be the second derivative of 0*t**4 + 1/3*t**3 + 1/2*t**2 - 79*t - 13/20*t**5 + 0. Calculate u(-1).
12
Suppose 4*b + 35 = 5*h, h + 3*h = 3*b + 29. Suppose 0 = -3*c - h*c. Let j(p) be the second derivative of -p**3/6 - 2*p**2 + p. What is j(c)?
-4
Let m(h) = 7*h - 355. Let q(z) = 555*z + 1715. Let v be q(-3). What is m(v)?
-5
Let i(g) = -387*g + 223*g - 15 + 160*g. Give i(-5).
5
Let i(o) = o**3 + 6*o**2 - 19*o - 24. Let v be i(-8). Let q(c) = -c**2 - c. Let x(h) = -h**2 - h - 9. Let t(r) = 2*q(r) - x(r). Calculate t(v).
9
Let g(m) = -5*m**2 - 100*m + 25. Let t be g(-20). Let r(l) = -l**2 + 24*l + 27. Let o be r(t). Let u(x) = 3*x**2 - 2*x + 1. Determine u(o).
9
Let q(o) be the first derivative of 1/2*o**4 + o - 2 + 0*o**3 - 1/2*o**2. What is q(-2)?
-13
Let i(o) = -2*o**3 - 96*o**2 - o - 65. Let x be -6*(20 - 18)*(1 - -3). Determine i(x).
-17
Let f be (-123)/(-9) + (-24)/(-18). Let b(k) = 17*k + f*k + 2 + 1 - 35*k. Let m(z) = 4*z - 4. Let a(y) = 3*b(y) + 2*m(y). Calculate a(-3).
4
Let r(m) be the third derivative of -m**4/8 - 12*m**3 + 63*m**2. Let n be r(-17). Let i(j) = -j**3 - 21*j**2 + j + 24. Give i(n).
3
Let c(i) be the third derivative of i**4/12 - i**3/6 + 19*i**2. Let g be (-3)/(-2)*2 - (-8)/(64/24). Calculate c(g).
11
Let r be (-4 - -7) + 16 + 0. Suppose m - 24 = -r. Suppose l - 11 = 3*n, 0*n + 21 = -4*n - m*l. Let i(b) = -b**3 - 5*b**2 - 5*b - 4. Calculate i(n).
0
Suppose 0 = 5*n + 4*v - 6, -4*v = 4*n - 11 + 7. Let o(l) = 58*l - l**n + 37*l - 86*l - 10. Give o(7).
4
Suppose 2 = 2*f - 2. Let d(n) = -3 + 7*n**f - n**3 + 68*n - 68*n. Determine d(7).
-3
Suppose 4*p = -9*j + 22, 0*j = -p + j + 12. Let q(l) be the third derivative of -p*l**2 + 0 + 1/60*l**5 + 2*l**3 + 0*l + 1/24*l**4. Give q(0).
12
Suppose -2*p = 4*h + 2 - 8, 0 = 2*h - p - 5. Let g(b) be the first derivative of -b**4/4 + 2*b**3/3 - b**2 + 3*b + 2859. Give g(h).
-1
Let u = -5628 + 5645. Let p(w) = -w**2 + 16*w + 17. Calculate p(u).
0
Let d(g) = g + 4. Let h = -243 - -246. Suppose 0 = 6*p + h + 45. Determine d(p).
-4
Let t(f) be the third derivative of f**4/24 - 7*f**3/6 - f**2. Let r(y) = -y**2 + 393*y + 10900. Let o be r(-26). Calculate t(o).
-1
Let h(i) be the third derivative of 0*i + 1/3*i**4 + 1/3*i**3 + 0 + 13*i**2. What is h(1)?
10
Suppose -k - 2*z + 10 = 0, 3*k - 30 = -12*z + 7*z. Let d(q) = -22*q + 227. Give d(k).
7
Suppose 40 = 4*c + 60, -2*c = 3*p + 64. Let v(z) = -z**2 - 16*z + 20. What is v(p)?
-16
Let x(k) be the second derivative of k**4/12 - k**3/6 - k**2/2 + 3*k. Let h = 31 + -33. Let j be (-3)/((-9)/h*(-1)/(-3)). Determine x(j).
5
Let g(c) be the first derivative of -1/120*c**5 + 0*c**2 - 7/3*c**3 + 21 + 0*c + 1/24*c**4. Let u(k) be the third derivative of g(k). Give u(-2).
3
Let z = 8641 + -8662. Let i(t) = -3*t**2 - 66*t - 16. Determine i(z).
47
Let i(q) = -5*q + q**3 - 15*q**2 + 4*q**2 + 8*q**2 - 4*q**2 + 6 + 4*q**2. Let w(x) = -x + 18. Let o be w(14). Give i(o).
2
Let c(t) be the first derivative of -t**4/4 - 7*t**3/3 + 7*t**2/2 + 25*t + 5328. Calculate c(-8).
33
Let z(o) = o**3 + 10*o**2 - 7*o + 14. Let g be z(-11). Let b = 31 + g. Let c(a) = 1 + 7*a + b - 8*a + 0. Determine c(0).
2
Suppose 7*v = v + 78. Suppose 0 = -u + k - 8, v*k = 2*u + 15*k + 4. Let a(q) = q**3 + 5*q**2 - 1. What is a(u)?
-1
Let q be -4 + (8/20 - (-18)/5). Let t(h) = -7*h + 24. Let f be t(q). Suppose 21*a - f*a = -15. Let w(g) = -g**2 + 5*g + 7. What is w(a)?
7
Suppose 5*w - 5*j = 0, 8*j - 4*j = -w + 15. Let d(t) = -2*t**3 + 8*t**2 - 2*t**3 + t + 3 + 3*t**w - 5*t**2. Determine d(3).
6
Let k(f) = 3*f + 35. Suppose 202*t - 253*t = 204. What is k(t)?
23
Suppose 291 = -n + 351. Suppose n*s = 55*s - 35. Let k(a) = a**3 + 5*a**2 - 10*a - 2. Determine k(s).
-30
Let m be (-4)/(-5) + ((-2464)/20)/(-1). Suppose 145 = -7*r + m. Let a(l) = -3*l**2 - 4*l. Give a(r).
-15
Let z(u) be the first derivative of -u**5/60 - 11*u**4/24 - 3*u**3/2 - 27*u**2/2 + 18. Let f(v) be the second derivative of z(v). Let s = 9 + -18. Give f(s).
9
Let m(x) be the third derivative of x**5/20 - 19*x**4/24 + x**3/2 + 3*x**2 + 130. Determine m(6